3*x**3 - 4*x**2 - 2*x + 2. Suppose -23*h + 21*h + 4 = 0, -4*w + 818 = 3*h. Calculate the remainder when w is divided by c(3).
39
Suppose 0 = 13*q - 8*q. Suppose 0 = -q*r + 2*r - 186. Suppose 2*b - r = -7. Calculate the remainder when b is divided by 15.
13
Let o(m) = -61*m - 963. Calculate the remainder when 271 is divided by o(-16).
11
Let s(q) = 14*q - 25. Let u be s(8). Suppose -u = -2*g - 3*h, g = 2*g - h - 51. What is the remainder when g is divided by 13?
9
Suppose 7*t - 28 = -0*t. Suppose -s - 2*x = 0, -t*s + 2*x + 45 = x. What is the remainder when s is divided by 5?
0
Let l be (-12)/(-20)*5 + 0. What is the remainder when ((-63)/l)/(0 - 1) is divided by 12?
9
Suppose -29 = -n + 2*f, n - 2*f + 1 = -6*f. Let x(p) = -p**2 + 4*p + 4. What is the remainder when n is divided by x(4)?
3
Let n(k) be the first derivative of -11*k**2 - 49*k - 4. Calculate the remainder when n(-6) is divided by 11 - (1 - 2/1).
11
Let m(t) = -t**3 + 27*t**2 + 30*t - 49. Let f(v) = 12*v - 1. What is the remainder when f(2) is divided by m(28)?
2
Suppose -22662 = -20*v - 2682. What is the remainder when v is divided by 6?
3
What is the remainder when 177 is divided by (210/180)/((-2)/(-24))?
9
Suppose 5*t - 12 = 13. Suppose -5*a = c - 3*a + 2, 0 = -c - t*a - 14. Suppose 0 = 3*s, w = 4*s - c*s + 9. What is the remainder when w is divided by 2?
1
Let h be (2330/(-6))/(3/18). Let i(b) = -b**3 + b**2 + b + 17. Calculate the remainder when h/(-50) + 2/5 is divided by i(0).
13
Let n be (30/9)/10 - 23/(-3). What is the remainder when ((-2)/6)/(n/(-1656)) is divided by 14?
13
Let k(v) = 79*v - 357. Calculate the remainder when 330 is divided by k(6).
96
Let a = 9669 + -9610. Let s = 23 + -13. Calculate the remainder when a is divided by s.
9
Let i(l) = 20*l - 362. What is the remainder when 343 is divided by i(21)?
53
Let c(y) = y**3 - 36*y**2 + 66*y + 108. Suppose -d - d + 32 = 5*h, 4*d - 4*h = 36. Calculate the remainder when c(34) is divided by d.
7
Suppose -f + 82 = 3*g, g + 3*g - 2*f - 96 = 0. What is the remainder when 908 is divided by g?
24
Let y(f) = -f + 5. Let k be y(3). Calculate the remainder when ((-28)/(-5))/(26/65) is divided by (1 - 0) + 6/k.
2
Let o(m) = -26*m - 36. Calculate the remainder when o(-3) is divided by 16.
10
Let b = 32 - 11. Calculate the remainder when 43 is divided by b.
1
Suppose -4 = -2*v + 8. What is the remainder when (-3)/(3 + 180/(-57)) is divided by 14 + v/((-8)/4)?
8
Let b(z) = 5*z + 28. Suppose -n = 4*n. Calculate the remainder when 137 is divided by b(n).
25
Suppose -4*k + 846 = -6. What is the remainder when k is divided by 48?
21
Let k be 6/(-60)*-8 + (-28)/10. What is the remainder when 138/9*k/4*-9 is divided by 12?
9
Let s = -95 + 230. What is the remainder when s is divided by 35?
30
Suppose 3*w + 5*p = 166, 28*w - 4*p = 33*w - 268. What is the remainder when w is divided by 10?
2
Let p be (90/(-24))/(6/(-16)). Suppose 4*m + m - p = 0. Suppose -4*v = 4*g - 48, 2*g + 9 = 5*v - 2. What is the remainder when g is divided by m?
1
Suppose 0 = 3*w - 12 + 3. Suppose 0 = -w*t - t + 12. Suppose 0 = 4*x + 3*g - 207, t*g + 91 = 5*x - 161. What is the remainder when x is divided by 14?
9
Suppose 0 = -9*j + 210 + 375. Let o = j - 51. Calculate the remainder when o is divided by (20/(-12))/(2/(-6)).
4
Let f(t) = -266*t + 17. Let r be f(-8). Suppose 0*w + 2*w = 138. Calculate the remainder when w is divided by r/90 + (-2)/(-12).
21
Let w be 2*-3 + -8 + 11. Let g(k) = -2*k**3 - 2*k**2 + 3. What is the remainder when 154 is divided by g(w)?
37
Let l = 12 + -16. Let u be l/18 + 376/72. Suppose u*a + 5 = y - 17, 4*y - 5*a = 43. What is the remainder when 11 is divided by y?
4
Suppose u - 4*u = 4*n - 28, n = 5*u + 30. Suppose -4 = -2*h - 0. Suppose 4*m + 3*r - 59 = 108, h*m = -2*r + 86. Calculate the remainder when m is divided by n.
8
Let y = 17 - -122. What is the remainder when y is divided by 28?
27
Suppose -2*r - 13 = -3*c + 48, -3*c = -4*r - 131. Let i be 10/r + (-744)/(-7). Suppose i = l - 32. Calculate the remainder when l is divided by 35.
33
Calculate the remainder when 378 is divided by ((-3)/(-9))/(11/2607) + -3.
74
Let i be (-27)/(-12) - (-9)/12. Suppose -8*f + 65 = -i*f. Calculate the remainder when 51 is divided by f.
12
Suppose -4*h = -7*h - 2*h. Suppose h = 6*x - x - 60. What is the remainder when 42 is divided by x?
6
Suppose -7*t = -6 - 92. What is the remainder when 94 is divided by t?
10
Let j = 781 - 498. What is the remainder when j is divided by 41?
37
Let i be (-1548)/(-8) - 3/6. Let q = i + -138. Let f = q - 35. What is the remainder when 58 is divided by f?
18
Let a = -111 - -161. Let g = 128 - a. Calculate the remainder when g is divided by 10.
8
Suppose 2*k + 10 = 0, -4*d + 3*k + 700 = 225. What is the remainder when d is divided by 13?
11
Let z(y) = -y**3 - 20*y**2 + 19. Let i be z(-20). Suppose i*x = 22*x - 201. What is the remainder when x is divided by 27?
13
Let l = -1314 + 1320. Calculate the remainder when 107 is divided by l.
5
Let j be (-8)/(-6)*9/2. Let r(t) = -t - 4. Let h be r(-6). Let g = j + h. Calculate the remainder when 30 is divided by g.
6
Let t(d) = 7*d**2 - d**3 + 8 - 4*d + 11 - 28. Let s be t(6). Suppose s*y = -y - j + 124, y - 5*j - 52 = 0. Calculate the remainder when y is divided by 11.
10
Let d(s) = -s**2 - 24*s - 101. Let y(b) = -5*b**3 - 2*b**2 - 2*b - 2. Calculate the remainder when y(-2) is divided by d(-7).
16
Let b = 23 + -6. What is the remainder when 1053 is divided by b?
16
Suppose 363 - 24 = -3*o. Let c = -51 - o. Let b = -483 - -499. What is the remainder when c is divided by b?
14
Let u = 1 - -81. Suppose -19*q = -14*q - 70. Calculate the remainder when u is divided by q.
12
Suppose -112 = 2*k + 24. Let w = -22 - k. Calculate the remainder when w is divided by 25.
21
Let l(q) = -q**3 - 19*q**2 - q - 12. Let n(v) = 5*v + 1. Let s be n(-4). Let i be l(s). Suppose 1 = -p + i. What is the remainder when 22 is divided by p?
4
Suppose 0 = 5*i - x - 656, -3*i + 5*x - 93 = -491. What is the remainder when i is divided by 62?
7
Suppose -x + 92 = 4*o - 68, -3*x = 12. Calculate the remainder when o is divided by 14/((5 + -3)/2).
13
Let u = 15 - -72. Calculate the remainder when u is divided by (-22)/(((-16)/4)/4).
21
Let t = 9 - 2. Suppose -8*s + 35 = -t*s. Suppose -s = 4*v - 5*v. What is the remainder when v is divided by 12?
11
Let o be (3 - 4)/((-2)/10). Suppose -3*b = -p, -4*b - 4*p = b. Suppose -o*s + b = -15. Calculate the remainder when 13 is divided by s.
1
Let f(o) = -3*o + 3. Let y be f(-3). Let u be (9/y)/(3/(-24)). Let d(z) = -2*z - 5. What is the remainder when 11 is divided by d(u)?
4
Let c(v) = -11*v + 4. Let m be (91/(-14) - -6)/(1/4). What is the remainder when c(m) is divided by 7?
5
Let p = -105 + 109. Suppose h + 5*q = -11, q = -h + p*q + 21. What is the remainder when (-3)/(-2)*(-44)/(-3) is divided by h?
4
Suppose -5*i + r + 1580 = -4*r, 0 = 2*r - 2. What is the remainder when i is divided by 81?
74
Let f(m) = 13*m**3 - 19*m**2 + 9*m - 1. Let n(d) = -7*d**3 + 10*d**2 - 5*d. Let a(b) = -6*f(b) - 11*n(b). What is the remainder when a(4) is divided by 3?
1
Calculate the remainder when 56 is divided by (-3*(-3)/(-18))/(4/(-200)).
6
Let y be (0 + 0/(-2))/(-1). Suppose y*g - g = 4*i - 28, -2*g - 3*i = -41. What is the remainder when 28 is divided by g?
12
Suppose -o = -4*i - 115, 136 + 74 = 2*o - 4*i. Calculate the remainder when 1897 is divided by o.
92
Let v = -23 + 69. Let d = v - 7. What is the remainder when 116 is divided by d?
38
Suppose -545 + 97 = -7*y. What is the remainder when 1342 is divided by y?
62
Suppose -4*h - h = -5*t - 10, -3*h = t - 18. Let q(j) = j**2 - 9*j + 39. Let u(c) = -15*c - 4. What is the remainder when u(-5) is divided by q(h)?
14
Let l(t) = t**3 - 2*t**2 - 8*t - 5. What is the remainder when 209 is divided by l(5)?
29
Suppose -5*l + 2*v = -0*v - 380, v = 5. Let i(z) = -3*z - 9. What is the remainder when l is divided by i(-6)?
6
Let r = -928 - -1037. What is the remainder when r is divided by 16?
13
Suppose 4*f - f = 12. Let i be (44/8 + 3)*2. Suppose f*g = i + 163. What is the remainder when g is divided by 16?
13
Let w(h) = h**3 - h**2 - h + 83. Suppose 2*s = -0*s + 8, 44 = 4*u - 3*s. Calculate the remainder when w(0) is divided by u.
